ose 27 = -o + 23. Is 15 a factor of 2 - (-54 + o + 0)?
True
Let r be (-12)/8 + 498/4. Let x = -62 + r. Is x a multiple of 7?
False
Let o(r) = -r**2 + 9*r + 15. Let w(q) = -2*q**2 + 9*q + 14. Let j(c) = 4*o(c) - 3*w(c). Let x be j(-14). Suppose -6*b + 448 = -x. Does 30 divide b?
False
Let h = 3079 - 1609. Is 42 a factor of h?
True
Let o(i) be the first derivative of -3/2*i**2 + 8 - 2*i + 4/3*i**3. Does 25 divide o(4)?
True
Suppose -21*o + 23*o - 8 = 0. Suppose o*b = 5*x - 412, -4*x = -7*x + 5*b + 255. Is 16 a factor of x?
True
Let y be (9/12)/((-1)/(-4)). Suppose 2*p + 4*a = 188, 3*p + 52 = y*a + 289. Is 5 a factor of 6/(-4)*p/(-9)?
False
Let n = 99 - -152. Suppose 0 = -3*d - 3*w + 426, 3*d - 4*w = 663 - n. Let z = 245 - d. Does 35 divide z?
True
Suppose 0 = 48*o - 42*o - 78. Is o a multiple of 5?
False
Let k(i) = -28*i**3 + 2*i**2 - 7*i + 1. Let l(h) = 27*h**3 - 2*h**2 + 6*h - 1. Let m(j) = 4*k(j) + 5*l(j). Does 4 divide m(1)?
False
Suppose 5*n = 5*a + 26375, 3*a - 7251 = -2*n + 3324. Is 30 a factor of n?
True
Let s = 53 + -271. Let b = -115 - s. Is b a multiple of 22?
False
Let p(b) = -5*b**2 - 3*b**3 + 3 + 2*b**3 + 3. Let v(z) = 6*z**3 - z**2 - 2*z - 1. Let m be v(-1). Does 21 divide p(m)?
True
Suppose g - 2836 + 17 = 0. Is 20 a factor of g?
False
Let o = 39 - 21. Let y be (-3)/18 + 6933/o. Suppose -7*s - y = -5*f - 2*s, -245 = -3*f - 4*s. Is f a multiple of 31?
False
Suppose -8*j + 7*j + 33 = 0. Let h = j + -26. Let t(y) = -y**3 + 10*y**2 - 8*y - 3. Is 27 a factor of t(h)?
False
Suppose -3*h + 4*b = -284, 5*h = 6*h + 4*b - 116. Suppose -6*k - h = -11*k. Is k a multiple of 4?
True
Let q(p) = 4*p - 26. Is q(29) a multiple of 30?
True
Let b(r) = 4*r**2 - 2*r + 3. Let j(y) = y**3 + 4*y**2 + y. Let s be j(-2). Suppose t + 4 = s. Is b(t) a multiple of 5?
True
Suppose z - 60 = -4*t, 5*z - 60 = -0*t - 4*t. Suppose 0 = -3*q + t, 4*h + q = 3*h + 25. Is h a multiple of 9?
False
Let o = 904 - 542. Is 16 a factor of o?
False
Let i be ((304/(-12))/4)/((-1)/(-15)). Let j = i - -220. Is 25 a factor of j?
True
Let y(k) = 5*k**2 + 25*k - 20. Let w be (-2 + (-12)/(-3))*-4. Let x(i) = 2*i**2 + 8*i - 7. Let f(q) = w*x(q) + 3*y(q). Does 7 divide f(9)?
True
Suppose 0 = 2*k - 2*i - 134, -k + 67 = -2*i + 5*i. Let f = -1 + k. Is f a multiple of 6?
True
Let a(n) be the second derivative of -2*n**2 + 0 - 6*n + 1/20*n**5 + 7/6*n**3 + n**4. Is 10 a factor of a(-11)?
True
Let q(b) = -22*b - 170. Let a(v) = 4*v + 34. Let j(m) = 14*a(m) + 3*q(m). Is j(-13) a multiple of 13?
False
Let m = 48 - 43. Suppose -58 = -5*d - 2*w, 5*d - 4*w = -m*w + 54. Is d a multiple of 10?
True
Let z be (-2 - -4) + 46*-2. Suppose -5*n = -5*a - 5240, n + 562 = 4*a + 4766. Does 17 divide a/(-15) + 12/z?
False
Let g = -151 - -316. Does 15 divide g?
True
Suppose p + 5*i - 898 = 503, 4*p - 3*i - 5535 = 0. Is 14 a factor of p?
True
Let j(p) = 6 + 11 - 3*p - 30 + 9*p. Is 17 a factor of j(13)?
False
Let t = 108 + 265. Let i = t - 195. Does 21 divide i?
False
Let u(m) = 4*m**3 - 1. Let x be u(1). Let h(a) = -a**3 + 0*a**3 + 2*a**x + a. Does 31 divide h(4)?
False
Suppose -r + 0 = -4*v - 4, r - v = 4. Suppose 137 = r*t - 23. Is 20 a factor of t?
True
Does 36 divide (-24)/564 + 558380/470?
True
Suppose -4*z - 296 = -5*a + 198, a = 5*z + 607. Let r = -52 - z. Is 23 a factor of r?
True
Let z(b) = -6 + 239*b**3 + b**2 + 3 - 238*b**3 + b. Let l = -5 - -8. Is z(l) a multiple of 18?
True
Let y be (2/(-3))/(2/(-36)). Suppose -360 = 7*l - y*l. Is 18 a factor of l?
True
Let j(i) = -i**2 + 3*i + 2. Suppose 4*h - 13 = -3*d + 6*d, 19 = 4*h + 3*d. Let n be j(h). Does 13 divide 26*(3 - (-3)/n)?
True
Suppose 1022 = 5*q + s, 0 = -q - 5*s + 175 + 39. Does 10 divide q?
False
Let s be (9 - (3 + -6))*(-5)/(-15). Suppose -s*l = -6*l + 368. Does 46 divide l?
True
Suppose -2*t - q = 284, 0 = 7*t - 3*t - 2*q + 560. Let b = -282 - t. Does 12 divide (b/(-6) + -3)*2?
False
Suppose 12*t = 13*t - 72. Does 2 divide t?
True
Let b(t) = -6*t + 2. Let a(f) = -66*f + 22. Suppose 0*m - 3*m = -204. Let z(p) = m*b(p) - 6*a(p). Is z(-2) a multiple of 13?
False
Suppose 2865 = 38*t - 859. Is t a multiple of 14?
True
Let x(p) = p**3 - 9*p**2 - 2*p - 6. Let q be x(4). Does 34 divide -13 - -10 - 2*q?
False
Is ((-273)/(-28) - -1)*4 a multiple of 2?
False
Suppose 5*m = 4*d - 139, -d - 42 + 108 = 5*m. Is d even?
False
Is -1 + 3 - -1 - -245 a multiple of 8?
True
Let g be -2 + 2 - (-14 - 1). Let d(p) = -4*p**2 + 11*p + 28. Let x be d(-2). Is x/g + 95/3 a multiple of 5?
False
Suppose 225 = c + 4*h, 2*c - 425 - 20 = -3*h. Does 13 divide c?
True
Suppose 19*w - 792 = -3*w. Does 23 divide w?
False
Suppose 4*t - 5*r - 3365 = 0, 0 = -t + 5*r - 2*r + 843. Is 14 a factor of t?
True
Let s(l) = 3*l**2 + 7*l + 5. Let o be 7 + -1 - 2*-1. Let a = o + -12. Is s(a) a multiple of 12?
False
Suppose -3*c + 4*v + 1378 = 0, -c - 2*v + 1830 = 3*c. Is 10 a factor of c?
False
Suppose 2*d - 4 = 10. Suppose 117 = d*f - 219. Is 9 a factor of f?
False
Let s be (-18)/5 - (-4)/(-10). Is 21 a factor of 6/12 + (-166)/s?
True
Let h = 538 + -258. Suppose 5*v - 10*v + h = 0. Is v a multiple of 11?
False
Is ((-7)/(-3))/(5*17/5355) a multiple of 23?
False
Let v(i) = 28*i**2 - 73*i + 9. Does 18 divide v(9)?
True
Suppose 2*q - q - 5*k = 245, -3*q = -5*k - 775. Is 16 a factor of q?
False
Let t = -32 + 34. Suppose 4*j = -2 - t, 5*j = -2*g + 71. Is g a multiple of 26?
False
Suppose 96 = 5*y - 5*m + 6*m, 4*m - 80 = -4*y. Suppose -y = 4*r - 3. Is 2*2/r - -13 a multiple of 6?
True
Suppose -236*s - 819 = -237*s - k, -3*s - k = -2453. Is 7 a factor of s?
False
Let w(k) = -k**2 + 2*k - 1. Let y be w(1). Let l(m) = -11 + 25 + m + 8 + 0*m. Does 11 divide l(y)?
True
Suppose 0 = 5*d - 283 - 617. Suppose -2*k - 3*k = -d. Is 18 a factor of k?
True
Suppose x = 2*d - 6, 2*d = -3*x + 23 - 9. Let p = -38 - -213. Suppose d*z - p = 93. Does 18 divide z?
False
Let g(d) = -d**3 - 9*d**2 - 11*d - 7. Let a = -25 + 4. Let i = a + 13. Does 5 divide g(i)?
False
Suppose -285*o + 170 = -283*o. Is o a multiple of 17?
True
Suppose -6*d + 5*d = -9. Suppose -d*h = -2*h - 798. Does 19 divide h?
True
Let f(i) = -i**3 - 6*i**2 - i + 12. Suppose -5 = k - 4*n + 4, -n + 18 = 2*k. Suppose -3*y = -2*r - 12, 0 = 3*r - 4*y + k + 11. Does 4 divide f(r)?
False
Let r(z) = -7*z + 3*z - 22*z - 8*z. Does 11 divide r(-1)?
False
Suppose -85 = -5*y + k, 5*y - 2*y - k = 51. Let m(j) = 4 - 8*j + y*j - 2 + 7 + 2*j**2. Is 2 a factor of m(-4)?
False
Let c = -657 + 993. Is 24 a factor of c?
True
Suppose 17*h + 387 = c + 16*h, 5*c = 3*h + 1933. Does 35 divide c?
False
Let k(m) be the second derivative of m**5/30 - m**3/6 + 3*m**2/2 - 7*m. Let c(q) be the first derivative of k(q). Does 4 divide c(3)?
False
Suppose 1 + 1 = z + y, 2*z + y - 2 = 0. Suppose z*p - u = -3*p + 213, 0 = -3*u + 9. Is 12 a factor of p?
True
Let x(g) = 5*g + 1. Let m be x(4). Let q = -20 + m. Does 7 divide (-28)/(-1 + (0 - q))?
True
Let s(k) = -k + 9. Let b be s(6). Suppose -b*r = -4*h + 3, 0*r - 4*r + 4*h = 4. Does 8 divide (-1 - (r - 2)) + 14?
True
Let n be (4/6)/((30/(-2817))/(-5)). Let f = -178 + n. Is 45 a factor of f?
True
Let x = 1 + 3. Suppose -2*z = 2*k - 2 - 0, -4 = x*k. Suppose 8*u - z*u - 246 = 0. Does 7 divide u?
False
Suppose 3033 + 1224 = 33*r. Is 7 a factor of r?
False
Let v(g) = -g**3 + 8*g**2 + 8*g - 21. Let u be v(7). Is u + -2 - (4 - 8) a multiple of 16?
False
Suppose s - 5*b = 824, -3590 = -5*s - 3*b + 474. Does 22 divide s?
True
Suppose -3*k = 3*k - 42. Suppose k*i - 5*i - 18 = 0. Suppose -138 - i = -7*h. Is 6 a factor of h?
False
Suppose -b = -3*s - 6*b + 15, 2*b - 6 = -3*s. Suppose 3*i - 115 - 95 = s. Is i a multiple of 10?
True
Let s(f) = -8*f - 4. Let m be s(-2). Suppose 0*b + 2*x = 4*b - m, 3*x + 6 = 0. Suppose 0 = -6*r + 2*r + 2*p + 58, b = r + 2*p. Does 12 divide r?
True
Let w(b) = b**2 + 5*b + 8. Let j = -8 + -4. Let t be w(j). Suppose -4*n + t = 16. Is n a multiple of 4?
False
Let g be 10*((-4)/(-20) - 3). Let h = 54 + g. Let o = -8 + h. Is o a multiple of 3?
True
Suppose 19*v = 24*v - 685. Suppose 0 = 4*f - 5*s - 317 - 316, f - v = -3*s. Does 19 divide f?
True
Let f(h) = 3*h**2 - 2*h. Let l be f(2). Is 3/(-24) + 1153/l a multiple of 18?
True
Let r be 1 + (-1)/(4/256). Is 13 a factor of (-7)/(r/2) + (-3234)/(-27)?
False
Suppose -31*j + 9373 = -1